Let k = 69 - h. Calculate the remainder when 87 is divided by 132/10*k/18.
43
Let k be (-1412)/(-6) + (-58)/(-87). Suppose 4*m = 2*m - 2*i + 492, -4*i = -m + k. Calculate the remainder when m is divided by 49.
48
Let i(y) = -27*y + 253. Let t(p) = -2*p + 1. Let u be t(-1). Let l(m) = 3*m - 2. What is the remainder when i(9) is divided by l(u)?
3
Let l(i) = 3*i**3 - 6*i**2 - 4*i - 4. Let s be l(-3). Let x = -92 - s. Calculate the remainder when x is divided by 19.
16
Suppose b = 3*a + 412, 3*b - 2*b = 4*a + 407. What is the remainder when b is divided by 43?
40
Suppose -12*t + 20 = -2*t. Suppose 0*m - 57 = -m. Calculate the remainder when m is divided by t*(-1*(2 + -4) + 4).
9
Calculate the remainder when 604 is divided by (-1 - (2 - -3) - (-70)/84)*-6.
15
Suppose -4*o + 54 = 5*u, -o + 3*o + 8 = u. Suppose -5*d = -u*d. Suppose 0 = 4*m - 18 - 2, 2*v - 2*m - 104 = d. What is the remainder when 226 is divided by v?
55
Suppose 29 + 11 = 20*z. Calculate the remainder when 1 - (6 - z) - (-98 - 3) is divided by 28.
14
Let c(y) = -y**3 + 7*y**2 + 5*y + 51. Calculate the remainder when 101 is divided by c(0).
50
Suppose 78*l - 182*l = -68952. Calculate the remainder when l is divided by 113.
98
Suppose -6*p = -16*p + 50. Let u(l) = -9*l - 6. Let m be u(-5). Suppose 5*t = 5*i + 55, t - 3*i = -3*t + m. Calculate the remainder when t is divided by p.
1
Let o(r) = -r**2 + 7*r + 29. Suppose 12 = -5*b + 4*m, -2*m + 5*m - 9 = -b. Calculate the remainder when o(b) is divided by 8.
5
Suppose 5*d - 219 - 261 = -5*a, 0 = 3*a - 4*d - 302. What is the remainder when a is divided by 6/(-4)*(-9 - -7) + 0?
2
Let z(p) = 19*p**2 + 138*p + 1085. Calculate the remainder when z(-20) is divided by 23.
14
Suppose -s = -6*s + 65. Calculate the remainder when 1*(-164)/(-8) + (-5)/10 is divided by s.
7
Let f(c) = 2*c**2 + 98*c + 1880. Calculate the remainder when f(-62) is divided by 23.
19
Let n = 1549 + -1481. What is the remainder when n is divided by 37?
31
Let w(u) = -9*u - 140. Let t be w(-16). Suppose 2*x = j - 31 - 14, -156 = -4*j - t*x. What is the remainder when 121 is divided by j?
39
Let w(f) = -27*f**3. Let l be w(-1). Suppose 0 = -2*y + 67 + l. Let o = 4778 - 4760. Calculate the remainder when y is divided by o.
11
What is the remainder when 1390 is divided by ((-35)/(-3) - -3)/(-5*(-4)/150)?
70
Let q = -5118 - -6613. Calculate the remainder when q is divided by 22.
21
Let j(a) = -118*a + 1369. Calculate the remainder when 129 is divided by j(11).
58
Let f = -19746 + 21653. What is the remainder when f is divided by 32?
19
Calculate the remainder when 319 is divided by 104 - (72/54 + 8/(-6)).
7
What is the remainder when 1708 is divided by (-58)/(7/2*428/(-749))?
26
Let v(q) = q**3 - 11*q**2 + 7*q + 24. Let y be v(10). What is the remainder when (2/(y*1))/((-3)/1521) is divided by 43?
40
Suppose 4*c = 4*m - 2*m + 6428, 1589 = c - 5*m. Suppose -4199 - c = -16*r. Calculate the remainder when r is divided by 26.
25
Let k = 8164 - 8139. Calculate the remainder when 1495 is divided by k.
20
Suppose 0 = -13*q + 7412 + 5276. What is the remainder when q is divided by 20?
16
Let m = 154 + -258. Let h = -36 - -48. Calculate the remainder when 33 is divided by (m/h + 2)*(-9)/5.
9
Let f = -602 - -1026. Suppose 3*k + 452 = 2*t, -t + f = t + 4*k. Calculate the remainder when t is divided by 74.
72
Let u(p) = -p + 24. Let m be u(21). Let d = -5 + 10. Suppose 3*x - 517 = -d*a - 76, m*a = 4*x - 588. What is the remainder when x is divided by 15?
12
Let j(l) = 17*l**2 + 2*l + 1. Let c be (-4 + (-26)/(-4))*(-132)/(-15). Let t = 39 + c. Calculate the remainder when t is divided by j(-1).
13
Let i(z) = 4*z**3 - 29*z**2 - 10*z - 30. Calculate the remainder when i(8) is divided by 54.
28
Let g = 36109 - 57193. Calculate the remainder when 3/7 + g/(-196) is divided by 14.
10
Suppose -u - 4*p = 2*u + 336, 4*p = -12. Let n = -3480 + 3482. Calculate the remainder when (-1)/((-2)/u*-3) is divided by n.
0
Suppose -4*p + 204*u + 90 = 201*u, -4*u = p - 51. Calculate the remainder when 34 is divided by p.
7
Let m(i) = -213*i + 971. What is the remainder when m(-7) is divided by 17?
14
Suppose -3*m + w + 2 = -8, -3*m + 3*w = -18. Let i = 74 - 21. Let l = -49 + i. What is the remainder when l is divided by m?
0
Calculate the remainder when 5920 is divided by (-378)/(-108) - (-724)/8.
92
Let p(k) = -k + 1. Let f(j) = -6*j - 11. Let y(t) = 3*f(t) - 3*p(t). Let l be y(-18). Suppose -9*z + 3*z = -l. What is the remainder when 76 is divided by z?
37
Let f = 140 - 133. Suppose -3200 = f*t - 23*t. What is the remainder when t is divided by 17?
13
Suppose -4*m = 43 - 307. Suppose 3*u - m = 5*u. What is the remainder when 4 is divided by (-6)/u - (-248)/88?
1
Let g = -12635 - -12979. What is the remainder when g is divided by 14?
8
Suppose 6490 - 3196 = 18*s. What is the remainder when 421 is divided by s?
55
Suppose -7*n + 554 = -5*n - 5*p, n + 5*p - 262 = 0. Let g = n + -265. What is the remainder when 10 is divided by g?
3
What is the remainder when (-75)/60 - (-186069)/52 is divided by 17?
7
Let k = -116 + 115. Let r(d) = 71*d**2 - 6*d - 2. Calculate the remainder when 290 is divided by r(k).
65
Suppose -2*i + 195 = i. Suppose -i = -3*l + 19. Let f = -3919 + 3927. Calculate the remainder when l is divided by f.
4
Let b(o) = o**2 - 9*o + 19. Let u(f) = 9*f**3 + f**2 - 2*f - 2. Let m be u(-1). Let j(h) = -3*h - 18. What is the remainder when b(8) is divided by j(m)?
5
Suppose 0 = -12*g - 27*g + 663. Suppose g = 43*f - 42*f. Calculate the remainder when 129 is divided by f.
10
Calculate the remainder when 3*(169/3 - 1) is divided by -75 - -88 - 0/4.
10
Let n be 3 + 306/(6/(-2)). Let r = 1057 + -1163. Let l = n - r. Calculate the remainder when 11 is divided by l.
4
Let b(c) = 5*c - 17. Let d(t) = 17*t - 50. Let u(a) = -21*b(a) + 6*d(a). Calculate the remainder when 42 is divided by u(14).
12
Suppose 0 = -4*q - 4*m + 772, 4*q + 116*m - 772 = 113*m. Calculate the remainder when 198 is divided by q.
5
Let a be (16/6)/(30/135). Suppose a*n = 4*n + 1856. What is the remainder when n is divided by 13?
11
Suppose -5*c = -3*g - 151, -28*g = 2*c - 24*g - 50. Calculate the remainder when 4087 is divided by c.
27
Let x = -112 + 124. Suppose 0 = -x*a + 14*a - 28. Calculate the remainder when 40 is divided by a.
12
Let a be (-6)/(-9) - 225/(-27). Suppose 6 = -3*h, 24 = 10*z - a*z - 3*h. Calculate the remainder when 46 is divided by z.
10
Suppose -3*f + 0*f + 24 = 0. Let v = -201 - -376. Suppose 5*g - 2*g + 4*l = v, -5*g + 3*l = -253. What is the remainder when g is divided by f?
5
Suppose -x + 13*i + 710 = 11*i, 2196 = 3*x + 5*i. What is the remainder when x is divided by 143?
7
Let j(q) be the first derivative of -8*q**2 + 94*q + 16. Calculate the remainder when 54 is divided by j(5).
12
Suppose 192*q - 224 = 164*q. Calculate the remainder when 709 is divided by q.
5
Suppose 0 = 2*z + 3*c - 6*c - 17, -13 = -z + 3*c. Let x(b) = 48*b - 30. What is the remainder when x(z) is divided by 41?
39
Suppose 0 = -5*n + 9*n + 828. Let c = 209 + n. What is the remainder when 4 is divided by c?
0
Suppose -2*u = -u - 99. Suppose 5338*g - 245 = 5331*g. Calculate the remainder when u is divided by g.
29
Suppose -5*q - j = 201, 2*j = -0*q + 3*q + 118. Let i = 95 + q. Suppose -17*t = -18*t + i. Calculate the remainder when t is divided by 15.
10
Suppose -14 - 46 = -12*h. Suppose i = q - 14 + 18, -4 = i - h*q. What is the remainder when 268 is divided by i?
4
Let c = -674 - -866. Calculate the remainder when 392 is divided by c.
8
What is the remainder when -18 + 25950/(11 - 8) is divided by 127?
123
What is the remainder when 273 is divided by 1 - -7 - (-6 - -9)?
3
Suppose -3*x = -x - 350. Suppose 19*t = 72 + x. Calculate the remainder when 42 is divided by t.
3
Suppose 1114 + 2252 = -6*w. Calculate the remainder when 80 is divided by (w/(-22))/3 + (-1)/(-2).
8
Suppose -269008 = 5331*w - 5347*w. What is the remainder when w is divided by 95?
93
Suppose 11*u - 15 = 6*u. Suppose 3*w - u*k - 8 = 25, 0 = 3*w + 3*k - 57. Suppose 19*r - w*r = 120. Calculate the remainder when 117 is divided by r.
27
Let y(a) = 102*a**2 + 2*a - 1. Let v = 2384 + -2365. Calculate the remainder when y(1) is divided by v.
8
Let s(u) = u**2 - 12*u - 23. Let 